ue
Is 8033 prime?
False
Is 172957 composite?
True
Is 211 composite?
False
Is 44435 composite?
True
Is 13235 a composite number?
True
Is 479839 prime?
True
Is 4469 composite?
True
Is 3209 a composite number?
False
Is 83459 a composite number?
False
Is 24841 prime?
True
Is 2063 a prime number?
True
Is 235703 a composite number?
True
Is 4039 composite?
True
Is 383099 a prime number?
True
Is 48571 a prime number?
True
Is 182837 composite?
True
Is 1060399 a composite number?
True
Is 1881569 a prime number?
False
Is 2779 a prime number?
False
Is 47491 prime?
True
Is 420031 composite?
True
Is 1585 composite?
True
Is 24019 a prime number?
True
Is 30521 composite?
True
Is 126517 a composite number?
False
Is 74091 prime?
False
Is 15959 a composite number?
False
Is 457 composite?
False
Is 210347 a prime number?
True
Is 14741 a composite number?
False
Is 966109 prime?
True
Is 23191 a composite number?
True
Is 35027 a composite number?
False
Is 84629 a composite number?
False
Is 2326 a composite number?
True
Is 7031 prime?
False
Is 45901 prime?
False
Is 4889 composite?
False
Is 340573 prime?
True
Is 33563 a composite number?
False
Is 17231 a prime number?
True
Is 22163 a prime number?
False
Is 1189835 prime?
False
Is 10427 composite?
False
Is 45447 a prime number?
False
Is 3313631 composite?
False
Is 224437 a composite number?
True
Is 29779 composite?
True
Is 376871 prime?
False
Is 68095 a composite number?
True
Is 35285 a composite number?
True
Is 45283 prime?
False
Is 7169 prime?
False
Is 10181 a composite number?
False
Is 20047 a prime number?
True
Is 1511 prime?
True
Is 30913 a composite number?
True
Is 13261 prime?
False
Is 18059 a prime number?
True
Is 1563 a prime number?
False
Is 9901 composite?
False
Is 127 prime?
True
Is 162083 a prime number?
False
Is 7121 a composite number?
False
Is 4073 a composite number?
False
Is 149 a prime number?
True
Is 173857 prime?
False
Is 514219 prime?
True
Is 54415 prime?
False
Is 312977 a prime number?
False
Is 184549 a composite number?
True
Is 5167 prime?
True
Is 32971 a composite number?
False
Is 25387 prime?
False
Is 756247 prime?
True
Is 9743 prime?
True
Is 70099 composite?
False
Is 1204037 composite?
False
Is 128965 a prime number?
False
Is 100789 a prime number?
False
Is 26897 a composite number?
True
Is 6007 a prime number?
True
Is 47555 composite?
True
Is 11677 a prime number?
True
Is 10909 a prime number?
True
Is 5899 a composite number?
True
Is 2321 prime?
False
Is 30133 composite?
False
Is 1155997 composite?
False
Is 4363655 a composite number?
True
Is 411227 composite?
True
Is 39019 a composite number?
False
Is 9173 a composite number?
False
Is 18134 composite?
True
Is 45001 a composite number?
True
Is 545291 prime?
True
Is 117973 a prime number?
True
Is 1279847 a composite number?
False
Is 11519 composite?
False
Is 132293 a composite number?
True
Is 36611 a prime number?
False
Is 36391 prime?
False
Is 19077 composite?
True
Is 3617309 a composite number?
False
Is 28277 a composite number?
False
Is 131287 prime?
False
Is 43509 a composite number?
True
Is 191339 a composite number?
False
Is 18119 a prime number?
True
Is 20911 a prime number?
False
Is 855059 prime?
True
Is 78121 a composite number?
False
Is 14233 a prime number?
False
Is 4721 prime?
True
Is 21953 composite?
True
Is 6007 a prime number?
True
Is 139589 a prime number?
True
Is 24623 composite?
False
Is 530731 prime?
True
Is 11027 composite?
False
Is 9661 composite?
False
Is 456709 prime?
False
Is 37951 prime?
True
Is 515129 a composite number?
True
Is 22583 a composite number?
True
Is 99095 a prime number?
False
Is 1531 a composite number?
False
Is 440782 composite?
True
Is 86237 a composite number?
True
Is 423831 a prime number?
False
Is 1459 a composite number?
False
Is 195427 a prime number?
True
Is 2287009 a prime number?
True
Is 285029 a composite number?
True
Is 130091 prime?
False
Is 150497 composite?
False
Is 5351 composite?
False
Is 372377 composite?
False
Is 932489 prime?
False
Is 10639 a prime number?
True
Is 10727 a composite number?
True
Is 24793 a prime number?
True
Is 24571 a composite number?
False
Is 130623 composite?
True
Is 75197 a prime number?
False
Is 815317 composite?
False
Is 156307 prime?
True
Is 317149 a prime number?
False
Is 14311 a prime number?
False
Is 1396163 a composite number?
True
Is 7753 a composite number?
False
Is 62753 composite?
False
Is 18301 prime?
True
Is 1213 prime?
True
Is 989 prime?
False
Is 12929 composite?
True
Is 119489 composite?
False
Is 114547 a prime number?
True
Is 477471 prime?
False
Is 291185 a composite number?
True
Is 11863 a prime number?
True
Is 878183 a composite number?
False
Is 125859 a composite number?
True
Is 16183 composite?
False
Is 11303 composite?
True
Is 15761 a prime number?
True
Is 117879 prime?
False
Is 68833 prime?
False
Is 44669 composite?
True
Is 11307 a prime number?
False
Is 63607 a prime number?
True
Is 8467 a prime number?
True
Is 1399 composite?
False
Is 13961 composite?
True
Is 41153 a composite number?
True
Is 7561 a prime number?
True
Is 461467 prime?
True
Is 869071 composite?
True
Is 20506 prime?
False
Is 1991 a composite number?
True
Is 6191 prime?
False
Is 329981 composite?
True
Is 143537 a prime number?
True
Is 2878 prime?
False
Is 422909 prime?
False
Is 3574 a composite number?
True
Is 36481 composite?
True
Is 917 a composite number?
True
Is 2759737 prime?
False
Is 49129 composite?
True
Is 907 prime?
True
Is 4531 a composite number?
True
Is 235247 a composite number?
True
Is 1075843 a prime number?
True
Is 691531 a composite number?
False
Is 44417 prime?
True
Is 290065 composite?
True
Is 2569 a prime number?
False
Is 380417 a composite number?
False
Is 246469 a prime number?
True
Is 3049 prime?
True
Is 23189 composite?
False
Is 57077 composite?
False
Is 22934 prime?
False
Is 44351 prime?
True
Is 25682 a prime number?
False
Is 3457 composite?
False
Is 2056435 a composite number?
True
Is 28745 prime?
False
Is 14019 prime?
False
Is 25367 a composite number?
False
Is 75731 prime?
True
Is 364655 a prime number?
False
Is 2579 a prime number?
True
Is 7283 prime?
True
Is 272549 a composite number?
False
Is 229289 composite?
True
Is 215663 composite?
True
Is 7406853 a composite number?
True
Is 1649 prime?
False
Is 495097 prime?
False
Is 861109 a prime number?
True
Is 40961 composite?
False
Is 58027 composite?
False
Is 111721 a prime number?
True
Is 319 a composite number?
True
Is 11863 a prime number?
True
Is 605711 a prime number?
False
Is 234043 a prime number?
True
Is 601799 a prime number?
False
Is 294589 composite?
True
Is 16999 prime?
False
Is 985781 a prime number?
True
Is 99751 a prime number?
False
Is 143797 prime?
True
Is 6449 composite?
False
Is 23227 prime?
True
Is 29663 composite?
False
Is 815447 prime?
False
Is 47857 prime?
True
Is 50821 composite?
False
Is 79907 a prime number?
True
Is 29657 a prime number?
False
Is 110234 prime?
False
Is 78671 prime?
False
Is 4711 composite?
True
Is 147073 composite?
False
Is 540458 prime?
False
Is 19733 prime?
False
Is 173429 prime?
True
Is 103 composite?
False
Is 16033 composite?
False
Is 9119 a prime number?
False
Is 4547 a composite number?
False
Is 167929 a prime number?
False
Is 12929 prime?
False
Is 1617619 a prime number?
True
Is 1384493 a composite number?
True
Is 69877 a prime number?
True
Is 564353 a prime number?
True
Is 10901 a composite number?
True
Is 61777 a composite number?
True
Is 223 prime?
True
Is 1317 a composite number?
True
Is 9447557 a prime number?
False
Is 2209501 a prime number?
False
Is 144659 a composite number?
False
Is 41343 a prime number?
False
Is 93433 a composite number?
True
Is 403363 a composite number?
False
Is 163859 a prime number?
True
Is 63823 a composite number?
False
Is 36758 prime?
False
Is 122495 prime?
False
Is 5667 a composite number?
True
Is 640169 a prime number?
False
Is 739 a composite number?
False
Is 8581 a prime number?
True
Is 2823 composite?
True
Is 30377 a composite number?
True
Is 1054983 prime?
False
Is 717071 composite?
True
Is 61751 composite?
False
Is 16979 composite?
False
Is 9199 prime?
True
Is 60001 a composite number?
True
Is 6959 prime?
True
Is 29347 composite?
False
Is 29819 a prime number?
True
Is 19589 a composite number?
True
Is 253733